201 - 199. Let y(f) = 7 + 1018*f - 512*f - 514*f + f**q. Suppose -d - 10 = -3*d. Calculate y(d).
-8
Let i(v) = 3*v**2 + 3*v. Suppose 2*h - 4*g = 3*h + 70, 2*g = -3*h - 180. Let o = 60 + h. Suppose 5*m - o*m = -6. Calculate i(m).
6
Let x(c) = 2*c**3 + 16*c**2 + 7*c - 39. Let n be x(-7). Let z = 1 - 1. Let o(q) = z - 4*q + 2*q**2 - 1 + n*q - 4*q**2. Give o(4).
-9
Suppose 0 = 4*n - 20, 0*o + 5*o - 45 = -4*n. Let l = -248 - -1404. Let p(c) = -8*c + l - 1152 + 2*c. Give p(o).
-26
Let z be (18/5)/((-8)/(-20)). Suppose -4*j + 2*q = 3*q - z, 4*j = 4*q + 24. Let n be (-35)/(-15) + j/(-9). Let g(r) = -2*r + 2. Give g(n).
-2
Let x(m) = 23 - 3*m - 26 + 2*m. Let j be x(-7). Suppose j*z - 42 = -2*z. Let d(q) = -q**2 + 6*q + 10. Give d(z).
3
Let y(h) = h**2 + h - 25. Let p(d) = -17*d - 153. Suppose 9*i + 162 = -9*i. Let q be p(i). Calculate y(q).
-25
Let c be (2/(-2) + 64)*1. Suppose 0 = c*a - 67*a - 20. Let o(t) be the third derivative of t**4/24 + t**3/2 - t**2 + 89*t. What is o(a)?
-2
Let c(q) be the third derivative of 122*q**2 - 4/3*q**3 + 0*q + 0 + 1/8*q**4. Determine c(7).
13
Let y = -11069 - -11046. Let x(i) = -2*i - 27. Give x(y).
19
Let f(a) = -42*a**2 - 2. Let m(w) = -21*w**2 - 1. Let q be ((-5)/5)/(1/3). Let k be 5 + -2 + -10 + 12. Let r(c) = k*m(c) + q*f(c). Determine r(1).
22
Let f(b) = b**3 - 5*b**2 - 6*b + 8. Let p(h) = 1. Let o(q) = -q**2 - 7*q - 6. Let m(d) = -o(d) + 6*p(d). Let c be m(-6). What is f(c)?
8
Let z(p) = -10825 + p + 5419 - 7*p**2 + 5408. Let m be (-1 + 9/6)*-2. What is z(m)?
-6
Suppose 2*o - 3*a = -15, -o - a + 5 + 0 = 0. Let n(w) = 9454*w - 3153*w - 3152*w + 1 - 3147*w. Determine n(o).
1
Let w be 96/30*(-5)/(-2). Let x(o) = 2*o - 8 + 8 + w - 2. Suppose 3 = -4*r - 13. Determine x(r).
-2
Let f(b) be the first derivative of -b**4/4 - 5*b**3/3 + b**2 + 4*b + 1. Suppose 297*i = 293*i + 3*q, -2*i - 4 = -q. Calculate f(i).
28
Let l = -67 + 112. Let h = l - 41. Let y(i) = -5*i + 2 + i + h*i - 3*i. Give y(2).
-4
Let s(l) be the third derivative of 0*l + 1/360*l**6 - 1/2*l**3 + 14*l**2 + 0 - 1/4*l**4 - 1/24*l**5. Let w(o) be the first derivative of s(o). Calculate w(5).
-6
Let j(k) = -3*k**3 - 3*k**2 - k - 1. Let u be j(-3). Let r be 16/u - 38/(-14). Let h(b) = -b**3 + 4*b**2 - 5*b + 4. Give h(r).
-2
Suppose 1046 - 1026 = 4*j. Let o(h) = -4*h - 8*h + 7*h - 12 - j + 4*h. Calculate o(-8).
-9
Let w(m) = -m**3 - 3*m**2 + 2*m - 1. Let c be w(0). Let y(t) = -1. Let r(k) = 5*k**3 + 1. Suppose -1 = 6*x + 11. Let f(u) = x*y(u) - r(u). Give f(c).
6
Let q(j) = -239*j**3 + 119*j**3 - 2*j + 119*j**3 + 4*j**2 + 5 + 0*j**2. Suppose -3*i + 16 = -c - 75, 3*c - 46 = -2*i. Suppose -i = -5*h - 9. Calculate q(h).
-3
Let y(d) be the third derivative of -d**4/24 - d**3/3 + 2*d**2. Let j = -86 - -92. Let l be -5*10/15*j/(-5). What is y(l)?
-6
Let k(d) = -d**3 - 16*d**2 - 14*d + 32. Suppose -9*q = -3*q + 90. Let w be k(q). Let h(j) = -w*j**3 - 21*j**2 + 39*j**2 - 19*j**2. Give h(1).
-18
Let a(n) = n**3 + 11*n**2 - 15*n - 11. Suppose -288 = 48*o - 24*o. What is a(o)?
25
Let g be (-112)/18 - (-2)/9. Let c = 435 + -432. Let u(o) = 0*o + o**3 + 791*o**2 - 6*o - 786*o**2 - c. Determine u(g).
-3
Let y(a) = -12*a + 1. Let r(k) = -k**2 - 2*k + 3. Let u be r(-3). Suppose -2*b - 3*f + 1 = u, -3*b + 3*f + 0*f - 6 = 0. What is y(b)?
13
Suppose 620*k + 1167 = -2553. Let i(s) be the third derivative of s**6/120 + 7*s**5/60 + s**4/6 + 7*s**3/6 - s**2. What is i(k)?
19
Let g(q) = 174 - 17*q + q**3 + 15*q**2 - 151 - 25. Give g(-16).
14
Let v(j) be the third derivative of 1/2*j**3 + 0 - 1/24*j**4 + 0*j + 42*j**2. Let z(q) = -q**2 - 7*q + 7. Let a be z(-7). What is v(a)?
-4
Let y(g) = g + 14. Let o be y(-13). Let z(d) = o + d + 0*d + 8 + 14. Calculate z(0).
23
Let m(i) = -2*i**2 - 14 - 5 - 5*i**2 - 1926*i + 1938*i + i**3. Determine m(6).
17
Let z(u) = -u**3 - u**2 + u + 3. Suppose -35 = -5*s - 0. Suppose s*g - 56 = -0*g. Let b be 0 + g/(-44) + (-2)/(-11). Determine z(b).
3
Let y(j) = -2*j - 261. Let v(m) = m + 139. Let o(c) = 11*v(c) + 6*y(c). Give o(-14).
-23
Let u(t) = 3*t**2 - 17*t - 9. Let d = -48 - -55. Let j be u(d). Suppose 2*z + h = j, 2*h + 25 = 5*z - 0*h. Let r(x) = 2*x - 10. Calculate r(z).
4
Let c(x) = 2*x**2 + 67*x + 302. Let s be c(-28). Let w(k) = 6*k - 9. What is w(s)?
-45
Let s(x) = -422*x - 1692. Let j be s(-4). Let c(b) = -b**3 + 8*b + 10. Calculate c(j).
42
Let n(u) = -u**3 + u**2 - 3*u - 2. Let w(y) = 7*y**3 - 8*y**2 + 19*y + 9. Let h(j) = -13*n(j) - 2*w(j). What is h(3)?
11
Let p(q) = 139*q**3 - 138*q**3 - 48*q**2 + 4 + 0 + 50*q**2. Let a be (7 - 0)*(-4 - -5). Suppose -a = -5*i - 22. What is p(i)?
-5
Suppose -110*c - 218 - 382 = -35*c. Let l(i) = 2*i**3 + 14*i**2 - 15*i + 15. Determine l(c).
7
Let y(l) = -l + 12. Let s be 2 + 435 + 40/8. Let o = 447 - s. What is y(o)?
7
Let o be 7/(35/(-6))*(-21 + (-407)/(-22)). Let v(x) = 3*x**2 - 4*x - 18. Calculate v(o).
-3
Let n(a) = a**3 - 8*a**2 + 7*a - 3. Let z = 336 - 383. Suppose 6*w = 11*w - 270. Let b = z + w. Determine n(b).
-3
Let d = 6907 + -6905. Let i(u) be the second derivative of -2*u**d + 1/20*u**5 - 5/12*u**4 - u**3 + 0 - 3*u. Calculate i(6).
-4
Let y be (4/6*3)/1. Let v(d) be the third derivative of d**7/840 - d**6/720 - 131*d**5/60 - 135*d**2. Let o(s) be the third derivative of v(s). Calculate o(y).
11
Suppose -11 = a - 14. Let w(p) = -3*p + 2. Let q(t) = -t**2 - t. Let i be 3/2*24/(-36). Let s(z) = i*q(z) + w(z). Calculate s(a).
5
Let k(p) = 2*p**2 - 27*p + 54. Let v = 126 - 115. Let g be k(v). Let u(r) = r**3 + r**2 - r - 1. Calculate u(g).
0
Let i(u) = -7*u + 1. Suppose -1 = -23*t + 252. Let r(z) = 35*z - 6. Let h(w) = t*i(w) + 2*r(w). Let b(c) = -c**3 - 8*c**2 - 8*c - 8. Let s be b(-7). Give h(s).
6
Let v(z) = -6*z**3 - z. Suppose -6*x + 10*x - 888 = 5*k, -3*k = x - 239. Let i = x - 228. Determine v(i).
7
Let c(z) = 4*z + 103. Let b = -4138 + 4113. Determine c(b).
3
Let u be (-160)/(-15) + (5/(-3) - -2). Let f(z) be the first derivative of -z**3/3 + 6*z**2 - 12*z + 50. Calculate f(u).
-1
Let o(m) = 9*m**2 - m. Suppose -5*j - 22 = -5*x + 2*x, x - 5*j - 4 = 0. Suppose 4 = -4*q + 2*y, -4*q - x*y + 16 = -6*y. What is o(q)?
8
Let f(x) = x**3 + 5*x**2 + 5*x + 2. Suppose 9*l - 150 = 75. Suppose -22*y = -17*y - l. Suppose -y*p - 4*k = -3*k + 13, k = 2. Determine f(p).
5
Let w(f) = 2*f - 4. Let v(k) = 15*k - 27. Let a(r) = -4*v(r) + 27*w(r). Suppose -47 = -42*d + 83*d + 24 - 30. Give a(d).
6
Let k(c) = c + 7. Let m(v) = 32*v + 15. Let g(a) = -14*a - 8. Let w(l) = -7*g(l) - 3*m(l). Let t(o) = 8*k(o) - 5*w(o). Let h = -1 - -5. Determine t(h).
-7
Suppose -i - 460 = -72*i - 21*i. Let l(t) = -9*t + 39. Give l(i).
-6
Let m = -166 + 170. Let o(a) = -5*a**2 + 6*a - 8. Let g(p) = -6*p**2 + 6*p - 9. Let q(i) = -4*g(i) + 5*o(i). Calculate q(m).
4
Let m(g) = -g - 1. Let i be (-428)/856*(2 - 2). Give m(i).
-1
Let x = 25735 + -25729. Let d(l) = -3*l**3 + 16*l**2 + 8*l - 13. What is d(x)?
-37
Let l(w) = 33563 + 11*w - 7*w + w**2 - 33571. Give l(-6).
4
Let h(t) be the first derivative of 5*t**2/2 - 12*t - 130. Let w be h(1). Let o(a) = a**2 + 7*a - 2. Determine o(w).
-2
Let x(a) be the second derivative of 5*a**4/12 - a**3/6 + 2*a**2 - 10*a + 1. Let n(r) = -r**2 - 2*r - 1. Let b(q) = -4*n(q) - x(q). Determine b(9).
0
Let i(t) be the second derivative of -t**4/12 + t**3/3 + t**2 + 1404*t. Calculate i(6).
-22
Let y be -13 - 14/((-98)/63). Let i(w) = 21*w + 88. What is i(y)?
4
Let c(v) be the first derivative of v**3 + 9*v**2 + 3*v - 97. Let w be c(-6). Let b(p) = p**3 - 4*p**2 + 3*p - 6. Give b(w).
-6
Suppose 0 = -2*v - 3*w - 7 - 4, w + 11 = 3*v. Let m(g) = -2 + 0 - g**2 - 9*g - v. Calculate m(-8).
4
Suppose 0 = -g - 4*g + 25. Let k(w) be the first derivative of -106 - w - 1/2*w**2. Calculate k(g).
-6
Let g(l) be the third derivative of l**6/120 - l**5/15 + l**4/12 + l**2 - 299. What is g(3)?
-3
Let o(a) be the third derivative of -a**4/6 - a**3/6 - 2*a**2. Let m(n) = -32*n - 36 + 7*n**3 - 6*n**3 - 10*n + 18*n**2. Let f be m(-20). Determine o(f).
-17
Suppose 51*g + 267 = -38*g. Let m(c) = -16*c + 6. What is m(g)?
54
Let x = 125 - 123. Let p(v) = -1557 + 3*v - 4*v + 1555 + 5*v**2 - x*v - v**3. Determine p(4).
2
Let m(r) = -5*r**2 + 2*r + 4. Let u(p) = p + 1. Suppose -7 + 0 = -7*l. Let n be (3/2)/(230/(-20) + 11). Let h(